s the value of 9 + (9 - 14) + 3?
7
Calculate (7 + -4 - 0) + 2 + -4.
1
Calculate 0 + 1 + 5 + 15 + -18.
3
Evaluate 28 + -19 + (-2 + 1 - 2).
6
What is -7 + (8 - 6) + -10 + 11?
-4
What is the value of -25 + 26 - (0 + -7) - 6?
2
(0 - -2) + 0 + -5
-3
Calculate -7 - (0 + -6 + 4 + 0).
-5
What is 3 - 3 - (0 + -4 - 3)?
7
What is 7 - (-8 - -20) - (-4 - -1)?
-2
Calculate 1 + -4 + 9 + -7 + 2.
1
What is (-1 + (-1 - 1) - -2) + 3?
2
Calculate 1 + -6 - (-3 + -6).
4
Evaluate -3 + 3 + 1 - (0 - 0).
1
-1 - -1 - (-2 + 0)
2
-1 - (-5 + -13) - (24 + -18)
11
Evaluate 1 + 0 + -4 - -7.
4
Calculate -7 - (9 - 17) - -5.
6
Calculate 3 - -2 - (-1 - -3).
3
What is -8 - (-5 + 7 - (1 - -4))?
-5
Calculate (1 - -3) + 3 + -3.
4
-4 + (-3 - -3) + -12 + 9
-7
Calculate (-3 - -1) + 6 + -9.
-5
What is -4 + (3 - (3 - 5))?
1
Calculate (2 - 1) + (45 - 46).
0
Calculate -4 - ((2 - (3 - 4)) + -3).
-4
Calculate -3 + 8 - 8 - 3.
-6
What is -4 + 0 + 3 - -4?
3
Calculate -10 + 13 + -1 - -1.
3
Calculate -3 - (-12 - (3 + -4)) - 4.
4
Evaluate 7 - (-2 - -1) - (1 + 2).
5
-6 - ((-14 - -12) + -1)
-3
Evaluate 3 + 4 - 10 - -4.
1
Calculate -5 + 3 + -3 + (-7 - -12).
0
Calculate (-2 - -1) + -7 + (-6 - -15).
1
What is the value of -26 - -24 - (4 + (4 - 8))?
-2
27 + -33 + 1 + 3 - -7
5
What is the value of -4 + (-1 - -4) + -7?
-8
Calculate (4 + -3 - 9) + 14.
6
What is 5 + (-1 - 0) + 0?
4
What is 4 - (2 + -1 - -1)?
2
-4 + (-3 - -6 - (-11 + 12))
-2
What is the value of 2 + -2 + 12 + -11?
1
-13 + 19 + (-1 - 8) - -9
6
Evaluate (-6 - -3) + (9 - 4) + 0.
2
What is 3 - (2 + 0) - 1?
0
Calculate (9 - (9 - 10)) + -16.
-6
5 + -2 + -1 + -6
-4
Calculate 5 + 1 - (-1 + 5).
2
What is the value of 6 - (6 + -4 + 9)?
-5
What is -4 - ((-26 - -6) + 11)?
5
Calculate -12 + 3 - -6 - 0.
-3
(0 - -2) + (-6 - 6 - -7)
-3
Evaluate 0 + (18 - 18) + (1 - -1).
2
Evaluate 3 + (5 - 5 - 0) + -1.
2
Calculate 1 - (-9 + 6 - (-1 - 1)).
2
Evaluate 0 + -1 - 2 - (-19 - -15).
1
Evaluate (-3 - ((-6 - 1) + 2)) + -1.
1
What is -3 + 7 + -12 + 13?
5
-1 + (-5 - -8) + (-5 - 2)
-5
Evaluate (-1 + 2 - 4) + -2.
-5
What is 9 + -20 + 7 + 7?
3
-4 - (10 - 3 - 10) - -10
9
10 + -4 - (2 + 1 - 0)
3
What is the value of 0 + 1 - (-9 - -8)?
2
What is -2 + (-7 - -14) + 2?
7
Calculate 1 + (-1 - 5) + 5 + 0.
0
Calculate (2 - (-5 + 4) - 7) + 1.
-3
4 - -2 - (7 + -5)
4
Evaluate -1 + (-1 - (5 - 4)) - -4.
1
Evaluate -8 - (-27 - (-22 - -9)).
6
What is the value of 3 + -11 + -4 + 8?
-4
Calculate 2 - (8 - (-2 - -3)).
-5
Calculate -34 - -28 - (1 + (-1 - 5)).
-1
Calculate 15 - (0 + -2 + 1 - -7).
9
What is the value of 1 - (6 - (4 + -3 + 1))?
-3
What is -5 + 0 + -2 + 3 - -3?
-1
What is the value of -2 + 3 + -4 + 8?
5
What is 2 - (5 + -9) - (-1 + 2)?
5
What is -1 + (6 - (6 + 0)) + 2?
1
Evaluate (-8 + 5 - 4) + 1.
-6
Calculate 0 + (1 - (-7 + (0 - -4))).
4
Evaluate 3 + (-3 - 1) + 0.
-1
What is the value of -7 - (2 - (-3 - -9))?
-3
(-10 - -8) + (2 - 0) + 6
6
What is -5 - -6 - (-5 + 6)?
0
Calculate 13 - ((4 - 5) + 4).
10
Calculate 10 + -5 + 2 + -2 + -1.
4
41 - 46 - (1 + (-9 - 2))
5
Evaluate 2 + 2 + -1 - (1 - -2).
0
1 + -5 + -7 + 16
5
What is the value of (-17 - -6) + 2 + -3 + 5?
-7
Evaluate -2 + 4 - (-12 - (4 - 10)).
8
What is -4 + (6 - ((5 - 3) + -3))?
3
1 - (-3 + (-1 - -1 - 1))
5
Calculate 3 + (-2 - -3) + 0 + -5.
-1
Evaluate (6 - 4) + -2 + -8 - -7.
-1
Calculate -9 + 12 + -4 + 0.
-1
What is the value of -1 + -4 + (13 - 21) + 19?
6
Calculate -41 + 33 + 6 + 2.
0
What is the value of -13 - (-3 + -3 - 5)?
-2
What is 5 + 0 + (2 - 13) - -1?
-5
What is (8 - 19) + 7 + -1 - -3?
-2
What is -1 - 0 - (3 - (-1 + 0))?
-5
Evaluate 9 - (4 + -9 - -10).
4
What is the value of -2 + -3 + (-17 - -17)?
-5
Evaluate -2 + 3 + 2 + 2.
5
Calculate -5 - (17 - 12 - (-1 + 11)).
0
What is the value of (-1 - 2) + 6 + 0 + 2?
5
Evaluate 0 + 25 + -21 + 0 + 0.
4
Evaluate -6 + (9 - -2) + (-18 - -12).
-1
Calculate -2 + -3 + 4 - (2 + 1).
-4
What is the value of (-24 + 13 - -18) + 2?
9
Evaluate (6 - 1 - 0) + -1 + 1.
5
What is -2 + -13 + 25 + -19?
-9
Calculate 0 + (-3 - 2) - -4.
-1
What is the value of (-3 - (-2 - 4)) + -5?
-2
What is the value of -1 + 1 - -2 - (-6 - -9)?
-1
Evaluate 6 - 3 - (-6 - -2 - -7).
0
Evaluate -15 + 6 - -6 - -3.
0
Calculate 4 - (2 - (0 - 0)).
2
What is 6 + -2 - (-3 + 7)?
0
-3 + 2 + (4 - 0)
3
Calculate 4 + 4 + -8 + (-2 - 3).
-5
Evaluate (3 - -9 - 20) + 0.
-8
-9 + (16 - 9) + (0 - -6)
4
What is the value of -4 + ((-5 - -3) + -4 - -10)?
0
What is the value of -3 - -3 - (-4 + 5)?
-1
Calculate 4 + (2 - 3 - 2).
1
Evaluate (0 - -3) + (0 - -3 - 5).
1
Calculate -1 + (-8 - -5) + 5.
1
What is (2 - -1) + (-3 - -1 - 2)?
-1
What is the value of -3 + 1 + 2 - 0?
0
-19 - -19 - (-1 - -1 - 1)
1
What is 0 + 5 + (0 - 1) + -4?
0
Calculate -6 + 9 + -3 + 0.
0
Calculate (-3 - (5 + -3)) + 1 - 0.
-4
-3 + -9 + 27 - 11
4
Evaluate 1 + (-3 - -4) + -4.
-2
Calculate -3 + -4 + (2 - 4) + 1.
-8
-14 + 12 - -12 - 4
6
3 - 5 - (17 + -22)
3
What is -10 + (11 - 0) + -5?
-4
9 - (5 + -1 - -1)
4
What is the value of (19 - 16) + -4 + (-1 - 2)?
-4
What is -5 + (-4 - -3 - 1) - -6?
-1
What is the value of (2 - 0) + (0 - 4)?
-2
Evaluate (-20 - (7 - 20)) + (5 - 1).
-3
What is the value of 6 + (-6 - -3) + 0?
3
What is 4 + (-8 - -5) + 2?
3
Calculate 10 - (6 + 8) - (-8 + 0).
4
What is (4 - 2 - 10) + 4?
-4
Evaluate -2 + 12 - (-9 + 29).
-10
What is 13 - (23 + 4) - -8?
-6
Calculate -7 - (11 + -7 + -14).
3
Evaluate 2 + -2 + 1 + -6 - -1.
-4
Evaluate (0 - 2) + -24 + 13 + 15.
2
Evaluate 9 + 4 - (-1 + 7).
7
What is 3 + -3 + 5 + -2?
3
What is the value of 6 + -1 + 26 + -28?
3
Evaluate (-3 - -1 - -5) + -3 + -1.
-1
What is the value of -1 + 2 - ((7 - 0) + -4)?
-2
Evaluate 5 - (-6 - (-9 + 3 - 2)).
3
What is 4 + -14 + 6 - -6?
2
What is the value of -1 - (0 + 0 + 0 + 2)?
-3
(4 - (-6 + 12)) + 0
-2
Evaluate (9 - (19 + -1)) + 0 + 6.
-3
What is the value of 3 - (-5 + 8) - 7 - -2?
-5
What is the value of (-4 - 1) + (37 - 29) - -4?
7
What is 3 + (-4 - 3) + -1?
-5
Evaluate -3 + 6 + -8 + -2 + 6.
-1
-2 + (3 - (-1 - (-6 + 3)))
-1
Calculate (6 - 4) + -5 - -5.
2
What is the value of 5 + (-6 - 7) + 3 + 1?
-4
What is 4 + (-9 - -3) + (1 - 4)?
-5
Calculate 4 + -2 - 2 - -3.
3
What is 12 + (-1 - -10 - 12)?
9
4 + -8 - (-4 - -9 - 17)
8
Calculate 9 - (-2 - (-15 + 4) - 4).
4
Calculate -9 + (-10 - -11) + 11.
3
What is -1 - -4 - (10 + -8)?
1
What is the value of (-3 - -8) + 22 + -26?
1
1 - (2 + -3 - -2)
0
Calculate 5 + (-1 - -4 - (-5 + 14)).
-1
(-3 - (5 - 1)) + 2
-5
What is the value of 6 - (6 + 2 - 6)?
4
What is -1 + (-4 - 0 - -9)?
4
Evaluate -13 - (-1 - 11 - -3).
-4
-4 + -2 + 1 - -4
-1
Evaluate 1 + (-8 - (4 - 8)).
-3
-1 + 2 - -3 - (-38 + 45)
-3
What is 7 + 1 + -11 - -10?
7
-2 - (1 - 2 - 1)
0
8 - (3 - (-4 - -2 - 4))
-1
Evaluate 6 - -1 - (-3 + -5 - -9).
6
What is the value of -1 - 2 - (4 - 5) - 3?
-5
7 + (2 - (9 + -4))
4
What is the value of (-152 - -162) + (-14 - -1)?
-3
What is (1 - (0 - 1)) + -6 - -3?
-1
128 + -126 + (0 - 0) + -7
-5
What is (-2 - -1) + 5 + -4?
0
Evaluate (-3 - -3 - 5) + -10 + 10.
-5
Calculate -1 + 4 + -1 - 1.
1
What is -4 + -5 + 2 + (-1 - -6)?
-2
Calculate -8 - (-5 + -3 + 4).
-4
(-1 + 0 - -12) + -17
-6
What is the value of (-1 - (2 - 3)) + -4?
-4
-4 + (5 - (5 - 8))
4
Calculate 3 - 3 - (-4 + 3 - -2).
-1
What is 2 + -9 - (9 + -15)?
-1
-4 + 3 + 3 - -5
7
Calculate (3 + -6 - -5) + -7.
-5
Calculate 6 + -7 + 2 + (4 - 1).
4
Evaluate -8 - (-7 - (-7 - 0)).
-8
Evaluate 5 - (4 + -2) - 3.
0
What is the value of (5 + -3 - -9) + -4?
7
Calculate 6 + (-1 - (-1 - (10 - 7))).
9
What is the value of -4 + 3 + (2 - 2)?
-1
Calculate (6 - (-7 + 7)) + -13.
-7
What is (6 + 0 - 7) + -1 + 3?
1
What is the value of 52 - 52 - (-4 + 2 - -8)?
-6
What is the value of (-3 - -10 - -5) + -13?
-1
What is the value of -3 - (8 + -5 + -4)?
-2
Evaluate 4 + (-13 - -10) + (4 - 0).
5
Evaluate 1 - 3 - (0 - -3).
-5
What is the value of -3 + -3 + -1 + 2?
-5
-2 + 1 + 1 + 15 + -15
0
Evaluate 0 + (-3 - 1) - (-1 + -9).
6
Calculate (1 - 2) + 1 + -8 + 3.
-5
What is the value of (6 - 9) + 1 + 6?
4
What is -1 + -1 + 21 + -16 + -5?
-2
What is (2 - 2) + 6 - (210 - 207)?
3
Calculate (-1 - -3) + -7 - 3 - -4.
-4
1 + (-9 - -2) - -13
7
Calculate -2 + (18 - 8) + -6.
2
Calculate 4 + (6 - 10) + 5.
5
What is 0 + (0 - 0 - 3) + 2?
-1
Evaluate -14 + 7 - 0 - -2.
-5
What is -2 + -3 + 5 + 5?
5
Calculate (-1 + (1 - 5) - -13) + -3.
5
What is the value of 8